Let m(r) = -11*r - 170. Give m(-14).
-16
Let a(u) = u - 12. Calculate a(5).
-7
Let t(c) = c**2 - 23*c + 3. Calculate t(23).
3
Let s(r) = -r**3 + 5*r**2 + r - 11. What is s(0)?
-11
Let j(g) = -13*g + 17. Give j(4).
-35
Let q(o) = o**3 - 27*o**2 + o - 21. What is q(27)?
6
Let h(g) = 7*g - 272. Calculate h(43).
29
Let c(t) = -2*t + 29. Give c(-12).
53
Let o(f) = -7*f**3. Determine o(1).
-7
Let v(j) = -2*j**3 + 4*j**2 - j + 3. Calculate v(3).
-18
Let j(f) = f + 8. What is j(-7)?
1
Let z(r) = r**2 - r - 12. Determine z(-6).
30
Let b(i) = 2*i + 26. Determine b(-12).
2
Let z(a) = 22*a - 57. Determine z(2).
-13
Let y(t) = -15*t - 174. Calculate y(-12).
6
Let l(g) = 19*g - 122. Calculate l(6).
-8
Let j(d) = 5*d - 267. Give j(58).
23
Let s(h) = 24*h + 12. Determine s(4).
108
Let a(z) = -z**2 + 3. Determine a(-3).
-6
Let a(h) = 3*h**3 - 6*h**2 + 3*h - 1. Determine a(2).
5
Let x(d) = -d**2 - 9*d - 5. What is x(-7)?
9
Let x(b) = -b**2 - 16*b + 3. Give x(-15).
18
Let b(n) = -n**2 - 7*n + 12. Give b(-8).
4
Let y(t) = 8*t - 5. Give y(2).
11
Let z(b) = 5*b + 6. Calculate z(-6).
-24
Let u(s) = -s**2 + 2*s - 5. Calculate u(0).
-5
Let y(h) = -h**2 + 13*h - 81. Calculate y(8).
-41
Let v(l) = -13*l - 59. Determine v(-8).
45
Let x(u) = -u**3 - 13*u**2 + 6*u + 69. Give x(-13).
-9
Let i(r) = -r**2 + 10*r - 8. What is i(10)?
-8
Let s(a) = a**3 - 13*a**2 + 12*a - 16. What is s(12)?
-16
Let h(v) = -23*v + 3. What is h(2)?
-43
Let n(i) = -i + 3. What is n(12)?
-9
Let c(g) = g - 11. Determine c(3).
-8
Let l(w) = w**2 - 4. Give l(4).
12
Let k(o) = -6*o + 29. Give k(13).
-49
Let w(s) = -s**2 - 21*s - 94. Give w(-16).
-14
Let q(j) = -j**3 - 8*j**2 - 14*j - 8. Determine q(-6).
4
Let x(d) = 24*d + 60. What is x(-3)?
-12
Let l(n) = 12*n + 57. Determine l(0).
57
Let j(y) = -y**3 - 6*y**2 - 3*y - 9. Determine j(-6).
9
Let p(g) = -g**3 + 4*g**2 - 2*g - 6. Determine p(4).
-14
Let t(b) = -14*b - 5. Determine t(0).
-5
Let a(i) = i**2 + 8*i - 13. Calculate a(-10).
7
Let s(g) = 14*g + 25. Calculate s(-3).
-17
Let v(d) = d**2 + 8*d + 13. Calculate v(-10).
33
Let z(p) = -4*p**2 + 35*p + 12. What is z(9)?
3
Let i(w) = -w**2 + 39*w + 175. Give i(-4).
3
Let f(y) = 173*y**2 + 5*y + 1. Determine f(-1).
169
Let u(d) = -3*d**2 + 18*d + 6. Give u(6).
6
Let w(l) = -2*l - 37. What is w(0)?
-37
Let w(n) = -n**3 + 6*n**2 - 3*n + 2. Give w(5).
12
Let q(t) = -6*t + 19. Give q(8).
-29
Let a(w) = w**3 - 3*w**2 - w + 4. Determine a(4).
16
Let m(p) = -p**3 - 6*p**2 + 5*p - 3. Determine m(-5).
-53
Let u(l) = -2*l - 14. What is u(-8)?
2
Let u(m) = -2*m**2 - 5*m + 2. Calculate u(-5).
-23
Let w(b) = b**2 + 4*b - 28. What is w(-8)?
4
Let n(u) = -5*u - 4. Calculate n(5).
-29
Let v(f) = f**3 + 20*f**2 + 19*f + 5. Calculate v(-19).
5
Let k(v) = v - 28. Give k(-7).
-35
Let l(n) = n**2 + 16*n + 3. Calculate l(-13).
-36
Let w(h) = h**3 - 15*h**2 + 27*h - 19. Give w(13).
-6
Let x(v) = v**2 + 4*v - 9. What is x(-4)?
-9
Let m(k) = -5*k + 17. Calculate m(5).
-8
Let r(p) = p**2 + 19*p - 18. Calculate r(1).
2
Let w(s) = -3*s**2 + 62*s - 23. Determine w(18).
121
Let a(o) = 3*o**2 - 20*o - 12. What is a(10)?
88
Let r(j) = -j**2 - 19*j - 1. Give r(-19).
-1
Let s(n) = -n**3 + 8*n**2 - 7*n - 2. Give s(6).
28
Let c(g) = -g**3 + 10*g**2 + 3*g + 2. What is c(10)?
32
Let n(a) = -a + 26. Give n(12).
14
Let l(c) = -c**3 - 12*c**2 - 7*c + 43. Determine l(-11).
-1
Let f(w) = -12*w + 98. Determine f(7).
14
Let w(l) = -l**2 - 10*l - 4. Determine w(-8).
12
Let n(z) = -2*z**3 + 4*z**2 - 2*z - 8. Calculate n(4).
-80
Let k(p) = 2*p**2 - 11*p + 10. Give k(1).
1
Let a(n) = n**2 - 3*n - 22. Determine a(0).
-22
Let z(a) = -5*a + 36. What is z(5)?
11
Let n(u) = -u**3 - 9*u**2 + 5*u - 33. Give n(-10).
17
Let t(f) = 9*f + 137. Calculate t(-16).
-7
Let k(d) = d + 6. Calculate k(6).
12
Let z(b) = -b**3 - 6*b**2 + 4*b + 3. Determine z(-6).
-21
Let w(x) = -x**2 - 42*x + 51. Calculate w(-44).
-37
Let s(z) = -4*z + 7. Determine s(2).
-1
Let x(a) = 3*a + 20. Determine x(-9).
-7
Let r(k) = -k**3 + 8*k**2 - 10*k + 10. What is r(7)?
-11
Let m(d) = -d**2 + d + 18. Determine m(-3).
6
Let o(v) = -v**2 + 4*v + 16. What is o(6)?
4
Let d(v) = 161*v - 1. What is d(1)?
160
Let f(x) = x**3 + 32*x**2 + 32*x + 24. Determine f(-31).
-7
Let u(k) = -k**3 - 8*k**2 - 5*k + 8. Give u(-8).
48
Let z(u) = -u**3 - 9*u**2 - 6*u + 3. Determine z(-8).
-13
Let f(o) = o**3 - 4*o**2 - 6*o - 2. Calculate f(-2).
-14
Let o(y) = y**3 + 11*y**2 - 11*y + 4. What is o(-12)?
-8
Let s(l) = 37*l**3 + 3*l - 2. What is s(1)?
38
Let r(j) = j**3 - 9*j**2 - 9*j. What is r(10)?
10
Let c(d) = -21*d - 182. Determine c(-8).
-14
Let g(r) = -3*r**3 + r**2 + r + 1. Calculate g(-1).
4
Let q(l) = -49*l - 207. Determine q(-4).
-11
Let p(y) = 4*y - 63. Determine p(15).
-3
Let p(k) = 2*k**2 - 54*k - 53. Determine p(28).
3
Let z(m) = -m**3 - 7*m**2 - 8*m + 1. Determine z(-6).
13
Let z(m) = 2*m**3 - 25*m**2 + 10*m + 20. Calculate z(12).
-4
Let d(b) = -b**3 - 4*b**2 - 2*b - 7. Determine d(-3).
-10
Let v(g) = 15*g**2 - 25*g - 1. Calculate v(2).
9
Let a(m) = -30*m**3 - m**2 - 4*m - 4. Determine a(-1).
29
Let h(s) = -s**3 + 7*s**2 + 4*s - 3. Determine h(7).
25
Let x(n) = 3*n - 9. What is x(-7)?
-30
Let k(q) = -q + 23. Calculate k(47).
-24
Let s(r) = r**3 + 2*r**2 + 3*r. Give s(-2).
-6
Let r(v) = 2*v - 16. Give r(-11).
-38
Let d(a) = a**2 + 4*a - 2. What is d(-3)?
-5
Let x(t) = 16*t - 17. What is x(6)?
79
Let z(y) = -2*y**2 - 24*y + 164. Give z(5).
-6
Let u(f) = -2*f**2 + 8*f - 16. Calculate u(3).
-10
Let i(g) = g + 12. What is i(-5)?
7
Let j(c) = -5*c**3 + c**2 - 2. Determine j(-2).
42
Let n(r) = 6*r - 1. What is n(4)?
23
Let r(t) = -t**3 - 2*t**2 + 6*t + 3. Calculate r(-4).
11
Let f(z) = -z - 3. Give f(8).
-11
Let g(k) = 23*k. Calculate g(-4).
-92
Let q(i) = -i**3 + 13*i**2 - i + 2. What is q(13)?
-11
Let s(f) = 8*f**3 + 2*f**2. Calculate s(1).
10
Let z(m) = -3*m**3 - 7*m**2 - 2*m + 6. Give z(-4).
94
Let i(q) = -q**3 - 36*q**2 - 181*q - 36. What is i(-30)?
-6
Let y(s) = 12*s - 88. Give y(7).
-4
Let v(j) = 7*j - 5. Give v(4).
23
Let q(n) = -n**2 - 2*n - 4. Calculate q(-2).
-4
Let l(p) = p - 20. Calculate l(13).
-7
Let r(q) = -q**3 - 4*q**2 + 3*q + 1. Determine r(-5).
11
Let w(n) = -3*n - 1. What is w(5)?
-16
Let o(f) = 10*f + 14. Give o(1).
24
Let t(s) = -s**2 - 39*s - 45. Determine t(-39).
-45
Let v(t) = -7*t**2 - 1. Determine v(2).
-29
Let i(t) = t**2 - 402. What is i(-20)?
-2
Let d(t) = -t**3 - 3*t**2 + 6*t - 2. Determine d(-5).
18
Let u(b) = 38*b - 22. Give u(2).
54
Let t(s) = -s - 4. Calculate t(2).
-6
Let j(m) = 5*m + 77. Determine j(-12).
17
Let v(j) = 5*j - 2. Determine v(-2).
-12
Let d(s) = 3*s**2 - 8*s - 25. Determine d(5).
10
Let g(p) = -p**3 + p**2 - 3*p - 2. Give g(-2).
16
Let d(s) = -s**3 - s**2 - 41. Determine d(0).
-41
Let w(n) = -n**2 + 25*n - 38. Give w(23).
8
Let u(h) = -h**3 + 23*h**2 + 3*h - 26. Give u(23).
43
Let a(z) = z**2 + 13*z - 5. What is a(-13)?
-5
Let b(p) = -p**2 - 4*p - 6. What is b(-3)?
-3
Let n(t) = t**3 + 10*t**2 + 8*t - 3. Determine n(-9).
6
Let p(r) = 2*r**2 + 2*r + 6. Calculate p(0).
6
Let w(k) = k - 4. Determine w(18).
14
Let x(c) = c**2 - c + 30. Give x(0).
30
Let z(g) = 7*g + 20. What is z(-16)?
-92
Let g(h) = -15*h - 593. What is g(-39)?
-8
Let f(k) = k**2 + 7*k + 9. Calculate f(-8).
17
Let r(f) = -5*f + 1. Determine r(-5).
26
Let a(y) = -y**3 - 2*y**2 + 19*y - 6. What is a(6)?
-180
Let a(k) = -k**2 - 5*k - 4. Give a(-3).
2
Let w(a) = -3*a**2 - 35*a + 21. Calculate w(-12).
9
Let q(x) = -x**3 - 2*x**2 + 4*x - 2. Give q(2).
-10
Let c(g) = -4*g**2 - 11*g - 34. Calculate c(-5).
-79
Let v(z) = -5*z**2 - 146*z - 27. Calculate v(-29).
2
Let i(w) = w**3 - 5*w**2 + 3*w - 1. Give i(4).
-5
Let w(v) = 4*v**2 + 34*v - 11. Determine w(-9).
7
Let h(k) = k**3 + 6*k**2 + 3*k + 2. What is h(-7)?
-68
Let g(o) = -16*o**2 + 2*o - 1. Determine g(1).
-15
Let v(y) = y**2 - 15*y + 12. Give v(14).
-2
Let m(n) = 3*n**2 + 34*n + 59. Calculate m(-9).
-4
Let x(h) = -4*h + 16. Give x(9).
-20
Let u(x) = x. Determine u(-5).
-5
Let i(m) = -36*m - 84. Give i(-2).
-12
Let y(i) = -i + 18. Give y(8).
10
Let w(k) = -22*k**2 - k + 1. Give w(-1).
-20
Let x(a) = -a**3 - 6*a**2 + 2*a + 26. Give x(-5).
-9
Let c(d) = -29*d - 263. Calculate c(-9).
-2
Let m(c) = 12*c - 4. Determine m(-4).
-52
Let y(x) = -x**2 + 2*x -